-q**2 + p*q - 10 + 0 - 25*q. What is the units digit of o(8)?
6
Let u be (-1)/((-94)/(-46) - 2). Let k = 61 + u. What is the tens digit of k?
3
Let b be -1*(-2 + 3)*-53. Suppose -5*s = -b - 37. What is the tens digit of s?
1
Let g(c) = -12*c - 8. What is the tens digit of g(-4)?
4
Suppose 5*o + a - 70 = -0*o, -40 = -o + 5*a. Suppose -2*x - 3*x - o = 0. What is the units digit of 10 - (2 + 3/x)?
9
What is the tens digit of (-18)/(-4)*38/3?
5
Let j(q) = 3*q**3 + 2*q**2 + q - 2. Let m be j(-2). What is the tens digit of m/3*3/(-2)?
1
Suppose 7*m = 3*m + 4*o + 624, -3*m = -2*o - 469. What is the tens digit of m?
5
Let n = -3 + 75. What is the tens digit of n?
7
Suppose 4*n - 80 = 4*c, 0*n = -n - c + 10. What is the tens digit of n?
1
What is the units digit of -2 - (3/21 - (-4372)/(-28))?
4
Suppose -2*g + 449 = -2*r - r, -r = g - 237. What is the units digit of g?
2
Let x be (-20)/(-12)*(2 - -1). Suppose 11 = 2*r + x. What is the units digit of r?
3
Suppose -3*s = -8*s + 65. Let a = -9 + s. Suppose i = 17 - a. What is the units digit of i?
3
Let g(f) = 2*f - 17. What is the tens digit of g(20)?
2
Let k be 378/12 - 1/2. Suppose 2*w = 6, -5*p + 0*p = -3*w - k. What is the units digit of p?
8
Let i = 25 - 15. Let k = i + -6. What is the units digit of k?
4
Let c be (7 - 44)/(1 + -2). Suppose -2*q + 4*w + 1 = -1, c = 5*q - 2*w. What is the units digit of q?
9
Suppose 6 - 3 = 3*x. Let t(w) = x - 2 - 4*w + 2*w. What is the units digit of t(-4)?
7
Let j be ((-4)/(-3))/(2/24). Suppose b - 4*t + 2 = j, -b + t + 26 = 0. Suppose -2*u + 2 = -4*o, 4*u + 3*o = u + b. What is the units digit of u?
7
Suppose -4*h + 4*l - 12 = 0, 4*h + 18 = -h + 2*l. What is the units digit of 8/(-2)*(3 + h)?
4
Let v(k) = 2 + 3 + 2*k**2 - 8*k - k**2. Let y be v(5). Let g = y + 17. What is the units digit of g?
7
Let o be -2*(-1)/(-4)*-2. Let y be (o - (3 + 3))/1. Let a = y - -19. What is the units digit of a?
4
Suppose 0 = x + 5*z - 152, -5*x + 193 = -5*z - 447. What is the hundreds digit of x?
1
Let j = -145 - -218. What is the tens digit of j?
7
Let r(a) = -2*a + 4. Let q be r(3). Let y be (-2)/(q + (-26)/(-14)). Let n = 21 - y. What is the units digit of n?
7
Let g(z) = z**2 - 13*z + 4. What is the units digit of g(13)?
4
Suppose 6*r - 161 = 37. What is the units digit of r?
3
Suppose -17 - 63 = -5*u. Suppose 0 = 4*o - 3*o - u. What is the units digit of o?
6
Let d = 19 - 13. What is the units digit of d/(-10) + 58/5?
1
Let a = -2 - -4. Let l = a + -2. Suppose 2*z - 2*r - 4 = -l*r, r - 23 = -4*z. What is the units digit of z?
5
Let t be (-3)/6*-42 - -1. Let s = -38 + t. Let a = s + 28. What is the units digit of a?
2
Let p = 13 - -11. Suppose -b - p = -3*b. What is the tens digit of b?
1
Let i(k) = -89*k**3 - 2*k**2 - k. What is the units digit of i(-1)?
8
Let i(p) = -11 + 8 + 0*p + p. Let s be i(-5). Let x = 16 + s. What is the units digit of x?
8
Let v(c) = -3*c + 6. Let t(j) = 4*j - 7. Let n(h) = 2*t(h) + 3*v(h). Let u be n(0). Suppose u*z - 1 - 3 = 0. What is the units digit of z?
1
Let d be (-2 + (0 - -1))*2. Let j(w) = -w**2 - 6*w + 8. Let c be j(-6). What is the units digit of 0 - 1/(d/c)?
4
Let w(i) = 3*i**3. Let g(x) be the first derivative of x**4/4 + 8*x**3/3 + 4*x**2 + 8*x + 1. Let k be g(-7). What is the units digit of w(k)?
3
Suppose 5*j = 19 - 4. Suppose -j - 3 = -3*y. Suppose 2*v = -0*v - 3*n + 35, -y*v - 5*n + 41 = 0. What is the tens digit of v?
1
Suppose 33 - 160 = -2*u + 5*b, -b = u - 67. Suppose 0 = 5*h - 3*s + u - 27, 4*h = 2*s - 30. What is the units digit of (-16)/h + 4/(-6)?
2
Suppose -4*f = 19 + 85. Let o = -10 - f. What is the tens digit of o?
1
Suppose 4*s = -169 + 17. Let f = s - -11. What is the units digit of 2/(1 - (-21)/f)?
9
Suppose 1 = 4*b + 4*w - w, -b - 11 = -3*w. What is the units digit of ((-1)/b)/((-2)/(-8))?
2
Let b = -115 - -190. What is the units digit of b?
5
Let x(b) = 4*b + 7. Let n(t) = -t**2 + 1. Let h(w) = -n(w) + x(w). What is the units digit of h(-5)?
1
Let l = -8 + 10. Let v = l - 4. What is the units digit of 38/v*(0 - 1)?
9
Let z = -24 - -57. What is the units digit of z?
3
Let u(p) = p**2 + 9*p - 3. Let a be u(-9). Let v = 1 - a. What is the units digit of v?
4
Suppose 0*g = 5*g + 5. Let l be (0 - g)/((-5)/15). Let i = 11 + l. What is the units digit of i?
8
Let j = 42 - 67. Let c = j - -63. What is the units digit of c?
8
Let j = 114 + -60. What is the tens digit of j?
5
Suppose 2*o = -o + 4*y - 6, 5 = o + y. Suppose -2*d + v - 2 = -17, -o*d = 2*v. What is the units digit of d?
5
What is the units digit of (23 - 0 - 4)*3?
7
Suppose -4*u - 21 - 23 = 0. Let s(x) = x**3 + x**2. Let h be s(0). Let m = h - u. What is the units digit of m?
1
Suppose 2*m + 4*k = 26, -2*k - 3*k = -4*m - 13. Suppose 3*j - 60 = -0*j + m*d, 0 = 4*j - 3*d - 81. What is the units digit of j?
1
Let f(b) be the second derivative of b**5/10 - b**4/24 - b**3/6 - b**2/2 - b. Let z(v) be the first derivative of f(v). What is the units digit of z(-1)?
6
Let s = -6 + 16. What is the units digit of s?
0
Let y = -16 - -20. What is the tens digit of 66/y - (-1)/(-2)?
1
Let a = -75 + 76. What is the units digit of a?
1
Let m(z) = z - 6. Let u be m(7). Let n = 2 + u. What is the units digit of n?
3
Let m(h) = -h**3 - h**2 + h. Let y be m(-2). Suppose 0*f + 20 = y*f. What is the units digit of f?
0
Let t(k) = -k**2 + 11*k. What is the units digit of t(8)?
4
Let d = 90 + 4. What is the tens digit of d?
9
Suppose -3*o - 11*o + 1470 = 0. What is the tens digit of o?
0
Let f be (-24)/30*(-30)/(-4). What is the units digit of 25*(-3 - f)/3?
5
Let w be -1*0/(1 - 0). Suppose 15 = -2*a + 5*a + 5*f, w = 4*f - 12. Suppose 6 = s - a*s. What is the units digit of s?
6
Suppose 9*c - 7*c - 94 = 0. Let z = c - 22. What is the tens digit of z?
2
Let x(y) = 14*y**2 + 2*y + 1. Suppose -3*h + 2*a = 6*a - 17, h + 5*a - 24 = 0. Let b be h/((-1)/(-3)*3). What is the units digit of x(b)?
3
Let o(a) = -a**3 - 2*a**2 + 2*a - 1. Let p(f) = -f**2 - 10*f - 12. Let m be p(-9). What is the units digit of o(m)?
2
Suppose -3*i = -4 - 5. Let s(j) = 2*j**3 - j**2 - 2*j. What is the units digit of s(i)?
9
What is the tens digit of 36 - -3 - -1*2?
4
Let i = -4 + 7. Suppose 0*c = i*c + 18. Let m = c - -9. What is the units digit of m?
3
Let a(r) = r. Let c be a(-4). Let s be 16 - (2 + c - 0). Suppose -s - 2 = -4*g. What is the units digit of g?
5
Suppose g = -3*l - 5, g - 1 = -l - 0. Suppose 0 = 3*x - 5*v + 31, -x - 13 = 2*x + g*v. Let m(k) = -2*k - 6. What is the units digit of m(x)?
8
Let w(t) = -t**2 + 2*t + 14. Let b(z) = -z**2 + z - 1. Suppose 4*x - 4*d = 4, 1 = 2*x + 4*d - 1. Let y(p) = x*w(p) - 2*b(p). What is the tens digit of y(0)?
1
What is the units digit of 986/22 + 4/22?
5
Let f = 24 + -20. What is the units digit of f?
4
Let i(g) = -g**3 - g**2 - g + 10. Let t be i(0). What is the units digit of (18/(-15))/((-3)/t)?
4
Suppose -2*h - 5*w = 0, -5*h + 4*w + w = 0. Suppose 3*m + 4*y + 14 = 0, m + 2*y = -h*m - 8. What is the units digit of m?
2
Let z(p) = 0*p + 3*p - 6*p**3 + 5*p**3 - 5*p**2. Let v be z(-6). What is the units digit of (-2)/v*-3*6?
2
Let n = -5 - -5. Suppose 0 = 4*j - 4 - n. What is the units digit of j?
1
Let c be 15*-3*4/(-30). Suppose -c = -4*w + w. Suppose 0 = b + w*b - 18. What is the units digit of b?
6
Let l be (-56)/(-9) + 4/(-18). Let i(p) = -p + 6. Let m be i(l). Let q = m - -16. What is the units digit of q?
6
Let p = 119 - 56. What is the tens digit of p?
6
What is the hundreds digit of (-56)/2*-5 - 4?
1
Let g(y) = y**3 - 5*y**2 + 1. Let v be g(4). Let m be (v/(-6))/((-2)/(-4)). Suppose x + 4*h = 0, -m*x - 3*h - 9 + 26 = 0. What is the units digit of x?
4
Let j be (-8)/(-28) + 150/14. Let d = j + -1. Suppose -v = -2*i - 3*v + 6, d = 5*v. What is the units digit of i?
1
Suppose -3*z + 0 + 126 = 0. What is the units digit of z?
2
Suppose -107 + 17 = 3*z - 2*r, -z - r = 30. Let f = -20 - z. What is the units digit of f?
0
Suppose 0 = -12*k - 674 + 2966. What is the hundreds digit of k?
1
Let i be -1*(1 + -1 + 1). Let x = i - -1. What is the units digit of 5*(x - (-4)/10)?
2
Suppose -2*w - 15 = -5*w. Suppose 4*h - 5*i = -0*i + 57, -2*h = w*i + 9. Suppose 2*b - 2 = h. What is the units digit of b?
5
Suppose -5*w + 36 + 129 = 5*o, -25 = -o - 5*w. What is the tens dig